?
2
What is 1 (base 15) in base 9?
1
What is 0 (base 16) in base 9?
0
What is -54 (base 7) in base 2?
-100111
What is -2 (base 7) in base 12?
-2
-11101 (base 2) to base 5
-104
Convert 2a (base 13) to base 12.
30
-2022 (base 4) to base 14
-9c
What is 31 (base 5) in base 16?
10
Convert -30 (base 11) to base 10.
-33
Convert 54 (base 6) to base 15.
24
What is 2c (base 16) in base 6?
112
-1 (base 13) to base 16
-1
-141 (base 6) to base 15
-41
What is -25 (base 7) in base 15?
-14
Convert 9a (base 11) to base 9.
131
What is -100 (base 3) in base 15?
-9
20 (base 7) to base 4
32
What is 39 (base 11) in base 5?
132
Convert 56 (base 10) to base 13.
44
What is -15 (base 13) in base 6?
-30
4 (base 6) to base 2
100
What is -198 (base 10) in base 5?
-1243
-11 (base 4) to base 16
-5
What is -221 (base 3) in base 8?
-31
-11 (base 6) to base 9
-7
Convert 89 (base 10) to base 4.
1121
What is -3 (base 11) in base 6?
-3
Convert 33 (base 14) to base 16.
2d
Convert 9 (base 15) to base 3.
100
18 (base 11) to base 16
13
-130 (base 8) to base 4
-1120
Convert -5 (base 7) to base 9.
-5
Convert -4 (base 15) to base 12.
-4
What is 121 (base 14) in base 6?
1013
Convert 77 (base 11) to base 15.
59
Convert -1 (base 16) to base 3.
-1
1013 (base 7) to base 3
111002
-20 (base 5) to base 4
-22
Convert 5 (base 10) to base 15.
5
What is -3 (base 15) in base 10?
-3
Convert -1452 (base 6) to base 16.
-188
-110101 (base 2) to base 13
-41
Convert 304 (base 5) to base 14.
59
What is -3 (base 4) in base 5?
-3
Convert 25 (base 8) to base 6.
33
Convert -122 (base 4) to base 2.
-11010
What is 16 (base 11) in base 9?
18
What is 38 (base 15) in base 12?
45
Convert -34 (base 13) to base 3.
-1121
10 (base 6) to base 15
6
Convert -115 (base 10) to base 5.
-430
What is 6 (base 8) in base 16?
6
What is -2c (base 16) in base 4?
-230
-26 (base 8) to base 14
-18
Convert -133 (base 4) to base 2.
-11111
-12 (base 4) to base 5
-11
Convert 61 (base 7) to base 5.
133
-60 (base 7) to base 14
-30
-41 (base 13) to base 4
-311
211 (base 7) to base 11
97
Convert -26 (base 15) to base 9.
-40
What is -3 (base 9) in base 16?
-3
214 (base 6) to base 2
1010010
Convert -4 (base 12) to base 7.
-4
What is 3 (base 8) in base 2?
11
Convert -38 (base 11) to base 8.
-51
Convert 0 (base 8) to base 16.
0
Convert 3 (base 6) to base 4.
3
Convert -30 (base 6) to base 10.
-18
Convert 10101101 (base 2) to base 16.
ad
What is -c (base 14) in base 8?
-14
What is -21 (base 6) in base 7?
-16
-49 (base 11) to base 6
-125
Convert 1 (base 15) to base 6.
1
What is -25 (base 16) in base 13?
-2b
-146 (base 8) to base 7
-204
15a (base 12) to base 3
21221
What is -52 (base 12) in base 11?
-57
-110 (base 4) to base 11
-19
What is -201 (base 4) in base 3?
-1020
2 (base 15) to base 9
2
Convert 2102 (base 3) to base 10.
65
What is 12 (base 4) in base 5?
11
What is 2 (base 4) in base 10?
2
Convert 11 (base 16) to base 11.
16
Convert 11 (base 12) to base 14.
d
Convert -2 (base 3) to base 11.
-2
a (base 12) to base 8
12
2331 (base 4) to base 3
21000
What is -8 (base 13) in base 4?
-20
Convert -20 (base 5) to base 10.
-10
Convert a (base 14) to base 11.
a
What is 0 (base 5) in base 7?
0
Convert -1 (base 2) to base 9.
-1
Convert -2c (base 13) to base 7.
-53
3 (base 7) to base 8
3
Convert 0 (base 2) to base 16.
0
-135 (base 6) to base 2
-111011
Convert 110 (base 2) to base 9.
6
-1222 (base 3) to base 5
-203
What is 17 (base 8) in base 12?
13
What is -11 (base 16) in base 12?
-15
Convert -3 (base 5) to base 7.
-3
Convert -1 (base 13) to base 15.
-1
5 (base 8) to base 14
5
Convert 2 (base 12) to base 2.
10
What is 7 (base 14) in base 12?
7
What is -104 (base 5) in base 3?
-1002
Convert -4 (base 6) to base 15.
-4
What is -a6 (base 14) in base 11?
-123
23 (base 9) to base 6
33
Convert 3 (base 12) to base 4.
3
Convert -9 (base 11) to base 6.
-13
What is 68 (base 12) in base 15?
55
Convert -1a (base 12) to base 4.
-112
Convert 180 (base 9) to base 6.
413
4 (base 14) to base 15
4
4 (base 14) to base 7
4
3 (base 9) to base 11
3
What is -1 (base 6) in base 11?
-1
What is 1a (base 14) in base 2?
11000
Convert -13 (base 16) to base 5.
-34
-1101 (base 3) to base 10
-37
-21010 (base 3) to base 8
-300
Convert 2 (base 7) to base 14.
2
Convert -11000 (base 2) to base 9.
-26
3 (base 14) to base 11
3
What is 1110 (base 2) in base 14?
10
-3 (base 14) to base 15
-3
Convert -16 (base 15) to base 9.
-23
What is -8 (base 9) in base 6?
-12
-4 (base 14) to base 6
-4
What is -1a (base 14) in base 6?
-40
Convert 22 (base 12) to base 16.
1a
What is 13 (base 13) in base 2?
10000
What is 0 (base 12) in base 13?
0
1000011 (base 2) to base 11
61
What is 0 (base 11) in base 12?
0
Convert -2 (base 14) to base 3.
-2
What is 10 (base 2) in base 14?
2
Convert -100 (base 2) to base 11.
-4
What is 1 (base 6) in base 11?
1
Convert 81 (base 11) to base 10.
89
Convert -102 (base 4) to base 5.
-33
Convert 1 (base 6) to base 9.
1
-4 (base 16) to base 15
-4
What is -233 (base 4) in base 12?
-3b
Convert 1 (base 4) to base 9.
1
What is -3 (base 5) in base 14?
-3
2 (base 4) to base 7
2
Convert -4 (base 12) to base 14.
-4
-6 (base 13) to base 3
-20
What is -2 (base 9) in base 14?
-2
What is -1004 (base 5) in base 6?
-333
Convert 100 (base 7) to base 13.
3a
What is 5 (base 8) in base 2?
101
e (base 15) to base 6
22
Convert -43 (base 5) to base 2.
-10111
What is 3 (base 6) in base 4?
3
Convert 0 (base 12) to base 13.
0
What is 10001 (base 2) in base 14?
13
11 (base 3) to base 4
10
Convert 8 (base 12) to base 10.
8
Convert 37 (base 12) to base 7.
61
1 (base 5) to base 6
1
Convert 4 (base 10) to base 13.
4
Convert 4 (base 5) to base 14.
4
What is -2 (base 13) in base 11?
-2
Convert -1 (base 16) to base 13.
-1
-59 (base 14) to base 9
-87
What is -61 (base 13) in base 11?
-72
What is 0 (base 4) in base 15?
0
What is -1 (base 3) in base 16?
-1
What is -65 (base 9) in base 13?
-47
What is 10 (base 4) in base 15?
4
33 (base 10) to base 7
45
-14 (base 12) to base 11
-15
What is -9 (base 12) in base 7?
-12
-101 (base 2) to base 4
-11
Convert -10 (base 16) to base 5.
-31
What is -5 (base 6) in base 9?
-5
9 (base 10) to base 2
1001
1 (base 11) to base 16
1
What is 31 (base 5) in base 13?
13
What is -66 (base 7) in base 4?
-300
a1 (base 16) to base 13
c5
-42 (base 9) to base 6
-102
What is -3 (base 11) in base 9?
-3
What is 1 (base 15) in base 4?
1
What is 24 (base 15) in base 5?
114
Convert -6 (base 9) to base 3.
-20
2211 (base 3) to base 11
6a
Convert 3 (base 7) to base 2.
11
-10 (base 3) to base 16
-3
What is 5 (base 15) in base 7?
5
What is -30 (base 6) in base 5?
-33
What is 4 (base 11) in base 2?
100
Convert -2d (base 15) to base 2.
-101011
What is 1 (base 15) in base 13?
1
What is -20 (base 5) in base 14?
-a
16 (base 8) to base 11
13
4 (base 7) to base 13
4
Convert -56 (base 7) to base 10.
-41
-3 (base 10) to base 2
-11
Convert 101 (base 2) to base 14.
5
2 (base 12) to base 9
2
What is 0 (base 10) in base 15?
0
Convert -116 (base 16) to base 11.
-233
What is 11 (base 5) in base 4?
12
-13 (base 15) to base 6
-30
What is -2 (base 14) in base 3?
-2
Convert -220 (base 4) to base 14.
-2c
-7 (base 15) to base 9
-7
1 (base 14) to base 12
1
-11 (base 15) to base 9
-17
What is 3 (base 7) in base 10?
3
Convert -7 (base 8) to base 4.
-13
Convert 11 (base 8) to base 15.
9
What is -5 (base 6) in base 16?
-5
-15 (base 8) to base 6
-21
15 (base 11) to base 7
22
Convert -11010111 (base 2) to base 10.
-215
Convert 1 (base 10) to base 5.
1
What is 3a (base 14) in base 13?
40
101 (base 5) to base 13
20
Convert -2 (base 4) to base 7.
-2
What is 42 (base 13) in base 16?
36
1b (base 16) to base 11
25
What is 65 (base 11) in base 13?
56
Convert 10 (base 4) to base 6.
4
What is -2 (base 15) in base 4?
-2
What is 78 (base 12) in base 14?
68
What is -7c (base 14) in base 8?
-156
1 (base 6) to base 4
1
What is 22 (base 10) in base 8?
26
5 (base 7) to base 12
5
Convert 179 (base 10) to base 7.
344
Convert -3 (base 12) to base 3.
-10
What is 17 (base 8) in base 11?
14
What is -234 (base 6) in base 2?
-1011110
Convert 1100 (base 2) to base 5.
22
16 (base 9) to base 15
10
Convert 2c (base 14) to base 5.
130
Convert -3 (base 6) to base 15.
-3
Convert 11 (base 11) to base 4.
30
8 (base 14) to base 11
8
Convert 102 (base 3) to base 8